f h(2)?
6
Let k = 140 + -360. What is the tens digit of (4/8)/((-2)/k)?
5
Let m be (0 - -7) + -4 - -3. Suppose m*v = 2*v - 8. What is the units digit of (-34)/(-12) + v/(-12)?
3
Suppose y + 4 = 3. Let v be 3 + (-3 - -4)*y. Suppose -3 = c - 0*z + 4*z, -v*z + 18 = 2*c. What is the units digit of c?
3
What is the tens digit of (-4 - (-1 + 1116))*(-1)/3?
7
Suppose 3*p = 4*q + 1175, 2*p - 7*p + 3*q + 1973 = 0. What is the tens digit of p?
9
Suppose -4*a = a - 4*j - 14, 40 = 4*a + 4*j. Suppose 4*b - a*b + 10 = 0. Suppose -s = -2*u + 3*s + 62, b*u - 90 = -3*s. What is the units digit of u?
1
What is the units digit of 16285/((13 - 11) + 3)?
7
Let n(h) = 105*h - 19. Let z(q) = -52*q + 10. Let l(b) = -3*n(b) - 5*z(b). What is the tens digit of l(-1)?
6
Suppose -4*z - 92 - 952 = 0. Let b = z + 394. What is the units digit of b?
3
Let l be 0/(-3 + 6)*-1. Suppose -15 + 0 = -d + 5*q, l = -2*d - 3*q + 95. What is the tens digit of d?
4
Suppose -4*s - 1398 = -3*x, -529 = -4*x + 2*s + 1335. What is the units digit of x?
6
Let b = -26 + 39. Let j(l) = l**3 - 14*l**2 + 12*l + 14. What is the units digit of j(b)?
1
What is the tens digit of (-40)/(-15)*6/4 - -187?
9
Suppose 63*h - 49*h - 14700 = 0. What is the tens digit of h?
5
Let c = 9 + -7. Suppose 5*h + j = 288, c*h + 126 = 4*h + 4*j. What is the units digit of h?
7
Suppose 2*z - 2368 = 3*b, -2*z + 3*z - b - 1183 = 0. What is the hundreds digit of z?
1
Let z be -6*(0 - (-2)/4). What is the units digit of 9/z + 9 + -2?
4
Let x = 91 + -126. Let n = -24 - x. What is the units digit of n?
1
Suppose 2*q - 557 = -2*n + 537, 0 = 3*q - n - 1645. What is the units digit of q?
8
Suppose 2*r - 2*i = 506, 5*i - i = r - 265. What is the hundreds digit of r?
2
Let z be ((-108)/(-30))/(((-9)/(-10))/3). Let i = -9 + 17. Suppose i*x - 6*x = z. What is the units digit of x?
6
Suppose 5*w - 21 = 4. Suppose -w*m - 95 = -0*m. Let p = m - -22. What is the units digit of p?
3
Let r(s) = s**2 - 4*s + 5. Let t be r(0). Suppose 3*j = f + t + 1, 0 = 5*j + 5*f + 10. What is the units digit of j?
1
Let n(k) = 4*k - 42 - 5*k + 53. Let g be n(8). Suppose -3*h + 133 = -5*x, 0 = -0*x - g*x - 15. What is the units digit of h?
6
Suppose 2*u + 4*q + 101 = 7*u, 0 = -2*u + 5*q + 54. Let f be 3 - 1 - 2*-1. Suppose l + n = 4*l - 10, 5*n + u = f*l. What is the units digit of l?
3
What is the hundreds digit of (7 - (-848)/12)/(1/3)?
2
Let c be 2/(-3) - (636/9)/(-4). Let z be (0 - -2) + -1 + -5. Let u = c + z. What is the units digit of u?
3
Suppose 512*q = 541*q - 114637. What is the thousands digit of q?
3
Suppose 0 = -3*t - l + 14, 5*t - 14 = t + l. Suppose 0*m + 920 = t*m. What is the units digit of m?
0
Suppose 0 = 2*v - 7*v + 90. Suppose z - 13 = -4*o, -2*z = 4*o + 4 - v. What is the units digit of 16 + -4 + -3*z?
9
Let a(i) = -25*i**3 + 5*i**2 - 5*i - 6. What is the units digit of a(-4)?
4
Suppose -16*g = -2*c - 20*g + 1886, 4*g + 3724 = 4*c. What is the tens digit of c?
3
Let c = 682 - -310. What is the hundreds digit of c?
9
Let l be (-2)/(-12) + 17/6. Suppose d + 2*u = -l, 5*u = -3*d + 2*d - 15. Suppose -d*c = -73 - 17. What is the units digit of c?
8
Let l = 35 + -28. Let c(p) = -p**3 + 6*p**2 + 11*p - 10. Let d be c(l). Suppose 3*v + d = 4*v. What is the units digit of v?
8
What is the units digit of (-9)/(-6) + 6/4?
3
Let f(x) = 40*x**2 - 18*x**2 - 4 - 20*x**2 - 10*x. What is the units digit of f(8)?
4
Let f(a) = -6*a + 22 - 4*a - a. What is the tens digit of f(-5)?
7
Let p be -6*(-6)/9 + -25. Let v = 29 + p. What is the units digit of v?
8
Suppose -3*s = 3*s - 3720. What is the units digit of s?
0
Suppose -v - 4*g = -3074, -v = -2*g - 544 - 2524. Suppose 3*b - 12 = -b, -5*k - 5*b + v = 0. What is the units digit of 4/14 - k/(-91)?
7
Suppose -445*q = -440*q - 6000. What is the units digit of q?
0
Let j be 273/(-6) - (-4)/(-8). What is the tens digit of -12 - -9 - (j + -1)?
4
Let v(z) be the third derivative of z**6/120 - 4*z**5/15 + 2*z**4/3 - 3*z**3/2 + 27*z**2. What is the units digit of v(15)?
6
Let g(r) = -r + 16. Let c be g(13). Suppose c = 4*f - 29. Suppose -q = -24 + f. What is the units digit of q?
6
Let b be 6 + 0 + 6 + -1. Suppose -15*t = -b*t - 872. What is the hundreds digit of t?
2
Let a = -535 - -137. Let t = -102 - a. What is the units digit of t?
6
Let x(n) = -42*n + 94. What is the tens digit of x(-13)?
4
Let r(l) = -3*l - 1. Let d be (2 + -3 + 0)*1. Let m be r(d). What is the units digit of 4 + (m + 6)/1?
2
Let w = -73 + 69. Let u(s) = s + 8. What is the units digit of u(w)?
4
Let k(d) = -12*d + 4. Let i be k(-5). Let w = i + -35. What is the units digit of w?
9
Let t be 3 - (0 + -5 + 3). Let d = t + -4. What is the units digit of d/(-2) - 130/(-20)?
6
Let b be (3 + 5)/((-6)/(-9)). What is the units digit of 142 - -2*b/8?
5
Let t = 883 - -511. What is the units digit of t?
4
Suppose 2*k + 0*o - 3*o = 332, 4*k = 5*o + 664. What is the hundreds digit of k?
1
Let p = 266 - 160. What is the hundreds digit of p?
1
Suppose 3*n = -3, 10*k - 5*n - 4 = 11*k. What is the tens digit of k/(-2 - (-1794)/894)?
4
Let z(o) = -o**2 + 4. Let h be z(4). What is the units digit of 2/h - 5650/(-60)?
4
Let q(w) = w**3 + 8*w**2 + w - 2. Suppose 15*g - 12*g = -21. What is the units digit of q(g)?
0
Suppose -2*l = -4*l + 8. Suppose 3*z + 0*z = l*i + 26, 0 = 4*z + 2*i - 20. Suppose -z*k = k - 294. What is the units digit of k?
2
Suppose 0 = 6*d - d - 20. Suppose -d*h = -9*h - 230. Let y = -10 - h. What is the units digit of y?
6
Let u be (-80)/10*(-5)/(-4). What is the tens digit of (-638)/u + 116/(-145)?
6
Suppose 0 = -21*p + 20*p - 39. What is the units digit of 7 + 267/p - 5482/(-26)?
1
Let n = 465 - 472. Let y(q) = 3*q**3 + 11*q**2 - 2*q**3 + 9 - 4*q**2 - 4*q. What is the tens digit of y(n)?
3
Let m = 14 - 10. What is the tens digit of 40 - (-1 - -1)/m?
4
Let w(o) = 33*o**2 + 16*o + 64. What is the units digit of w(-11)?
1
Let g(f) = -50*f + 101. Let o(b) = -34*b + 67. Let z(r) = 5*g(r) - 8*o(r). What is the units digit of z(13)?
5
Let c(g) = g**3 + 5*g**2 - g - 7. Let x be c(-5). Let n be 25/5 - (1 - x). Suppose -j + n*u + 8 = 0, -j + 5*u + 0*u = -8. What is the units digit of j?
8
Suppose -5*u = -3*n - 6175, 6*n - 5*n - 1235 = -u. What is the tens digit of u?
3
Let m(u) = 2*u**3 + 19*u**2 + 6*u - 35. What is the units digit of m(-8)?
9
Let m be (4/6)/(2/(-6)) + -148. Let r = 280 + m. What is the tens digit of r?
3
Let a be 10/((2 + -3)/(-4)). What is the hundreds digit of 42/(a/225 + (-4)/(-18))?
1
What is the hundreds digit of (-4)/(-44) + (-77105)/(-55) + -7?
3
Let i(n) = n**3 + 3*n**2 - 4*n + 6. Let u be i(-4). Suppose -2 = -4*v - u. Let c = 33 + v. What is the tens digit of c?
3
Let g = -240 - -302. What is the tens digit of g?
6
Let f(z) = -z**2 + 9*z + 10. Let b be f(9). Suppose -2*d + 0*d = -b. Suppose d - 161 = -4*i. What is the tens digit of i?
3
Suppose -79 = 4*r - 95. Suppose -r*x + 2*x + 396 = 0. What is the tens digit of x?
9
Let x = -104 - -233. What is the units digit of x?
9
Suppose -8*q - 19 = -2443. What is the hundreds digit of q?
3
Let n be -2 - ((-1 - -269)/2)/(-1). Suppose -y + n = -137. What is the tens digit of y?
6
Let n(g) = 10*g - 24. Let l be -1 + 0 + 12 + -3. What is the tens digit of n(l)?
5
Suppose 532 + 513 = 5*w + 4*b, -4*b - 1085 = -5*w. Let m be ((-4)/6)/((-1)/w). Suppose m = 5*q + 12. What is the tens digit of q?
2
Let m be (-3)/2 - 210/(-28). Let p(d) = -2*d + 6. Let i be p(5). What is the units digit of i/m - (-300)/18?
6
Let z = 1323 - 581. What is the units digit of z?
2
Let a = 149 - 320. Let q = -121 - a. What is the units digit of q?
0
Let f be (3/6)/(1/10). Suppose 4*m - f*c - 318 = 0, -4*c + c = 2*m - 148. Let z = m + -41. What is the units digit of z?
6
Suppose 29725 = -5*i - 5*k, 3*i - k - k + 17840 = 0. What is the hundreds digit of (-8)/14 + i/(-42) - 3?
1
Let f(q) = -q**3 + 22*q**2 - 18*q - 49. Let n be f(21). Suppose 3*k = n - 2. What is the units digit of k?
4
Suppose -50*k = -57*k + 3220. What is the hundreds digit of k?
4
What is the thousands digit of (-5 + (41706/(-12))/7)*-2?
1
Let y(c) = 3*c**3 + c**2 - 7*c - 26. What is the hundreds digit of y(5)?
3
Let t(w) = 40*w**3 - w**2 + 1. Let k = -35 - -36. What is the tens digit of t(k)?
4
Suppose -3*p - 3*z = 15, 2*p - 4*p + 15 = -3